composite number?
True
Is 715582609 a prime number?
False
Is 806005 a composite number?
True
Is 14397809 a composite number?
False
Is 285682721 a composite number?
False
Is 136297757 a composite number?
True
Is 21989543 prime?
True
Is 21405401 a prime number?
True
Is 570436465 a prime number?
False
Is 198751 a prime number?
False
Is 24437377 a composite number?
False
Is 6881159 prime?
False
Is 5891735 composite?
True
Is 9590663 prime?
False
Is 268622097 prime?
False
Is 15043411 a composite number?
False
Is 2047037 a composite number?
False
Is 31936654 composite?
True
Is 92008877 a composite number?
False
Is 7325611 a composite number?
True
Is 57849119 a prime number?
True
Is 2651267 a composite number?
True
Is 8153731 prime?
True
Is 165040241 prime?
False
Is 148896403 a prime number?
True
Is 819659 a prime number?
True
Is 94456489 composite?
False
Is 14651531 a prime number?
True
Is 8747257 a composite number?
False
Is 1333366 a prime number?
False
Is 11462651 composite?
False
Is 3262093 composite?
True
Is 382289231 a prime number?
True
Is 14192477 a prime number?
False
Is 77349163 composite?
False
Is 59879 prime?
True
Is 15999371 composite?
False
Is 460765531 a composite number?
True
Is 241277 composite?
True
Is 191250743 a composite number?
True
Is 1064003 prime?
False
Is 3280703 a prime number?
True
Is 1337381 a prime number?
False
Is 753113 composite?
True
Is 632533 a prime number?
False
Is 1399183 composite?
False
Is 1660751 prime?
True
Is 98772595 composite?
True
Is 7638227 composite?
False
Is 966389 a composite number?
False
Is 29012161 prime?
True
Is 180741641 a composite number?
False
Is 175543 composite?
False
Is 1184243 composite?
False
Is 1004209 a composite number?
False
Is 457007882 a prime number?
False
Is 14633867 prime?
True
Is 24398797 a prime number?
False
Is 204475993 a prime number?
False
Is 1165711 composite?
False
Is 261575383 prime?
False
Is 2639869399 prime?
True
Is 165192341 a composite number?
False
Is 46055839 a composite number?
True
Is 945154093 a prime number?
False
Is 3614849 prime?
False
Is 38021834 a prime number?
False
Is 3113099 prime?
False
Is 25600565 prime?
False
Is 28976161 prime?
True
Is 439253 composite?
False
Is 156982229 prime?
True
Is 48416197 prime?
True
Is 147615043 a prime number?
True
Is 72040477 prime?
False
Is 17214359 composite?
False
Is 20633939 prime?
False
Is 577831 prime?
True
Is 30867329 composite?
True
Is 3375719 a prime number?
True
Is 118127711 prime?
False
Is 283791107 a prime number?
False
Is 100604261 a prime number?
True
Is 8558807 a composite number?
True
Is 10091551 prime?
True
Is 3473039 a prime number?
True
Is 180846169 prime?
False
Is 842747 prime?
True
Is 88424629 composite?
True
Is 7290937 a composite number?
True
Is 150616031 a composite number?
True
Is 78095 prime?
False
Is 8942899 composite?
True
Is 25724759 a prime number?
True
Is 2482177 a prime number?
True
Is 981808469 composite?
False
Is 2218817 a composite number?
True
Is 515507 a prime number?
True
Is 2199917 prime?
True
Is 6198827 a prime number?
False
Is 7053811 a prime number?
False
Is 3972671 composite?
False
Is 2747597 a composite number?
False
Is 15327941 composite?
True
Is 1574057 composite?
False
Is 364867 a prime number?
False
Is 41918011 a composite number?
False
Is 2199917 composite?
False
Is 560785831 a prime number?
True
Is 221840081 composite?
True
Is 17870087 a composite number?
False
Is 175912973 a prime number?
False
Is 76757963 prime?
True
Is 3202921 a composite number?
False
Is 8720227 a prime number?
True
Is 2363003 a prime number?
False
Is 543499 a prime number?
False
Is 44859383 a composite number?
False
Is 5545681 a composite number?
False
Is 7570391 prime?
True
Is 12660629 prime?
True
Is 1897687 composite?
True
Is 49801051 composite?
False
Is 46945991 composite?
False
Is 14161431 a prime number?
False
Is 83787857 a prime number?
True
Is 4841441 prime?
False
Is 37584539 a composite number?
False
Is 35988917 composite?
False
Is 96165607 prime?
True
Is 121153159 a composite number?
False
Is 1419709 a prime number?
False
Is 184309103 a composite number?
True
Is 18668921 prime?
True
Is 537526505 prime?
False
Is 1876053 composite?
True
Is 58743779 prime?
True
Is 378935 prime?
False
Is 237206 a composite number?
True
Is 109630999 composite?
True
Is 14986957 a prime number?
True
Is 3471407 a composite number?
False
Is 2811854 a composite number?
True
Is 4668317 composite?
True
Is 75738955 prime?
False
Is 171541541 prime?
True
Is 31100819 a prime number?
False
Is 54816167 a composite number?
True
Is 672839 a composite number?
True
Is 555260567 composite?
False
Is 6309043 composite?
True
Is 281514655 composite?
True
Is 24218357 a composite number?
False
Is 141081659 a prime number?
True
Is 5355257 prime?
True
Is 3812059 composite?
False
Is 26881571 a composite number?
False
Is 4584769 a composite number?
True
Is 113568311 prime?
True
Is 135310861 prime?
False
Is 17763463 a composite number?
False
Is 79527187 prime?
False
Is 17226361 a prime number?
True
Is 1773183 prime?
False
Is 24122753 a composite number?
True
Is 8886559 a prime number?
False
Is 1364161 prime?
True
Is 59712379 a prime number?
False
Is 30384674 prime?
False
Is 177742969 a composite number?
True
Is 3832063 a prime number?
False
Is 46011423 composite?
True
Is 3075013 a prime number?
True
Is 81208069 a composite number?
False
Is 3884141 prime?
True
Is 145775309 prime?
False
Is 361955663 composite?
False
Is 208721 a prime number?
True
Is 3056719 a prime number?
False
Is 5060665 a composite number?
True
Is 203958659 prime?
True
Is 1618354 prime?
False
Is 159385991 a prime number?
False
Is 15809267 prime?
True
Is 360377 prime?
False
Is 8697989 composite?
True
Is 126218741 a composite number?
True
Is 3400457 a composite number?
False
Is 4081939 composite?
True
Is 1647073 a prime number?
False
Is 1827779 a prime number?
True
Is 78251 composite?
True
Is 2635111 composite?
True
Is 43506641 composite?
True
Is 16609037 composite?
True
Is 6170557 prime?
True
Is 191502183 composite?
True
Is 2059303 prime?
True
Is 1626854 composite?
True
Is 660487 composite?
True
Is 16772203 prime?
False
Is 24219003 a prime number?
False
Is 26228833 composite?
False
Is 2451319 prime?
False
Is 47029 prime?
False
Is 11971705 a composite number?
True
Is 49978349 composite?
True
Is 4820891 a composite number?
True
Is 17388289 a prime number?
True
Is 211777 prime?
True
Is 42384665 a prime number?
False
Is 278723 a prime number?
False
Is 62775367 prime?
False
Is 72176123 a composite number?
False
Is 20289191 prime?
False
Is 113845 a composite number?
True
Is 9133519 composite?
False
Is 206842705 prime?
False
Is 3268009 prime?
True
Is 242202041 a prime number?
True
Is 6474139 prime?
False
Is 1808699 composite?
False
Is 46471187 a prime number?
False
Is 1648033 prime?
False
Is 2732023 a composite number?
True
Is 102962 a prime number?
False
Is 313259 a prime number?
False
Is 332668381 a prime number?
False
Is 5667241 a prime number?
True
Is 102298327 prime?
False
Is 111935713 prime?
False
Is 9216019 prime?
True
Is 2475883 a prime number?
True
Is 203147471 a composite number?
False
Is 44543021 composite?
False
Is 31288639 a composite number?
True
Is 7967429 prime?
True
Is 22627769 composite?
False
Is 12560567 composite?
True
Is 11941757 a composite number?
False
Is 67948763 a composite number?
True
Is 4185613 a composite number?
False
Is 25895101 a prime number?
True
Is 4092221 a prime number?
False
Is 1485079 a prime number?
False
Is 99697687 composite?
False
Is 1594331 a prime number?
True
Is 3081113 prime?
False
Is 144262399 a prime number?
True
Is 234231731 a composite number?
False
Is 415031 prime?
True
Is 7096537 a prime number?
False
Is 5794541 prime?
True
Is 93197483 composite?
False
Is 661666693 a composite number?
False
Is 10872611 a composite number?
False
Is 12988361 prime?
True
Is 8133779 prime?
True
Is 10972951 a composite number?
True
Is 8315887 a prime number?
True
Is 188708933 a composite number?
True
Is 99204533 prime?
False
Is 15558547 a composite number?
False
Is 1435997 composite?
False
Is 26639363 a composite number?
False
Is 20079611 prime?
True
Is 302609 a prime number?
True
Is 1100543 prime?
True
Is 446597 a prime number?
True
Is 61856863 a c